est common factor of 2015 and 124?
31
Calculate the highest common factor of 143 and 22.
11
What is the highest common factor of 16490 and 20?
10
Calculate the highest common factor of 1316 and 14.
14
What is the greatest common factor of 62 and 2?
2
What is the greatest common divisor of 1532 and 68?
4
What is the greatest common divisor of 175 and 1535?
5
Calculate the greatest common divisor of 625 and 25.
25
Calculate the greatest common factor of 3685 and 22.
11
Calculate the greatest common factor of 238 and 602.
14
Calculate the greatest common divisor of 767 and 1475.
59
Calculate the greatest common divisor of 150 and 690.
30
Calculate the highest common factor of 40 and 460.
20
What is the highest common factor of 2249 and 1211?
173
Calculate the greatest common factor of 17 and 15929.
17
Calculate the greatest common divisor of 225 and 175.
25
Calculate the highest common divisor of 18 and 477.
9
What is the highest common divisor of 208 and 32?
16
What is the greatest common divisor of 3129 and 84?
21
What is the greatest common divisor of 96 and 864?
96
What is the greatest common factor of 18 and 222?
6
What is the greatest common factor of 73 and 1971?
73
What is the highest common divisor of 20 and 620?
20
Calculate the greatest common factor of 4 and 14.
2
Calculate the greatest common factor of 114 and 3933.
57
Calculate the greatest common divisor of 1584 and 297.
99
Calculate the highest common factor of 75 and 200.
25
Calculate the greatest common factor of 81 and 216.
27
What is the greatest common factor of 20 and 48?
4
What is the highest common factor of 270 and 108?
54
Calculate the greatest common divisor of 24 and 152.
8
Calculate the highest common factor of 36 and 1764.
36
Calculate the greatest common divisor of 7998 and 258.
258
Calculate the highest common divisor of 59 and 649.
59
What is the greatest common factor of 25 and 3450?
25
What is the highest common divisor of 376 and 658?
94
Calculate the highest common factor of 4816 and 112.
112
Calculate the highest common divisor of 1683 and 14773.
187
Calculate the highest common factor of 3 and 192.
3
Calculate the highest common factor of 130 and 3835.
65
What is the highest common divisor of 524 and 4?
4
What is the highest common factor of 32 and 1184?
32
What is the greatest common divisor of 9 and 144?
9
What is the highest common factor of 55 and 1375?
55
Calculate the highest common divisor of 5456 and 31.
31
What is the greatest common divisor of 810 and 250?
10
Calculate the greatest common divisor of 711 and 9.
9
Calculate the highest common factor of 165 and 33.
33
Calculate the greatest common divisor of 216 and 270.
54
Calculate the greatest common divisor of 45 and 495.
45
Calculate the greatest common divisor of 986 and 34.
34
What is the greatest common factor of 124 and 558?
62
Calculate the highest common factor of 25 and 2525.
25
What is the highest common factor of 107 and 428?
107
Calculate the greatest common divisor of 69 and 48921.
69
What is the highest common factor of 20 and 2020?
20
What is the greatest common divisor of 267 and 4361?
89
Calculate the greatest common divisor of 8 and 16.
8
Calculate the highest common factor of 728 and 112.
56
What is the highest common divisor of 4 and 67?
1
Calculate the highest common divisor of 3 and 5010.
3
What is the highest common factor of 3430 and 70?
70
Calculate the highest common factor of 512 and 156.
4
What is the greatest common divisor of 123 and 164?
41
What is the highest common divisor of 86 and 5375?
43
What is the greatest common factor of 75 and 27075?
75
Calculate the highest common divisor of 784 and 224.
112
Calculate the highest common divisor of 226 and 22826.
226
Calculate the greatest common factor of 48 and 204.
12
What is the greatest common factor of 8 and 2136?
8
Calculate the highest common divisor of 646 and 2.
2
What is the greatest common factor of 111 and 6401?
37
Calculate the highest common divisor of 2 and 398.
2
What is the greatest common factor of 6 and 13?
1
What is the greatest common factor of 8 and 32?
8
Calculate the greatest common factor of 766 and 2.
2
Calculate the greatest common divisor of 16 and 2384.
16
Calculate the greatest common divisor of 136 and 748.
68
What is the greatest common factor of 63 and 7?
7
What is the highest common divisor of 612 and 136?
68
Calculate the greatest common factor of 8 and 188.
4
Calculate the greatest common factor of 24751 and 265.
53
Calculate the highest common factor of 1539 and 57.
57
What is the greatest common factor of 273 and 117?
39
What is the highest common factor of 1287 and 36?
9
Calculate the highest common divisor of 48 and 16656.
48
What is the greatest common divisor of 14 and 29?
1
Calculate the greatest common divisor of 259 and 629.
37
Calculate the greatest common divisor of 58 and 1566.
58
What is the highest common divisor of 552 and 345?
69
Calculate the highest common divisor of 316 and 404.
4
What is the highest common factor of 10 and 80?
10
Calculate the highest common factor of 42 and 7574.
14
Calculate the greatest common factor of 15330 and 210.
210
Calculate the greatest common factor of 4 and 500.
4
Calculate the highest common divisor of 1125 and 30.
15
Calculate the greatest common divisor of 450 and 135.
45
What is the greatest common divisor of 152 and 116?
4
What is the greatest common divisor of 912 and 57?
57
Calculate the highest common divisor of 63 and 63.
63
What is the highest common factor of 95 and 665?
95
Calculate the greatest common divisor of 36 and 1818.
18
Calculate the greatest common factor of 180 and 144.
36
What is the highest common divisor of 1529 and 278?
139
What is the greatest common divisor of 1920 and 15?
15
Calculate the highest common divisor of 156 and 12948.
156
Calculate the greatest common divisor of 56 and 4802.
14
Calculate the greatest common factor of 9546 and 444.
222
What is the greatest common divisor of 570 and 10?
10
What is the highest common divisor of 205 and 7?
1
Calculate the highest common factor of 35 and 21.
7
Calculate the highest common factor of 760 and 2520.
40
What is the highest common factor of 172 and 387?
43
Calculate the greatest common factor of 611 and 13.
13
What is the highest common divisor of 28227 and 97?
97
Calculate the highest common divisor of 2622 and 114.
114
What is the highest common factor of 70 and 665?
35
What is the greatest common divisor of 533 and 164?
41
What is the highest common divisor of 1070 and 10?
10
What is the highest common factor of 19 and 627?
19
What is the greatest common factor of 102 and 3009?
51
What is the highest common factor of 38 and 33?
1
What is the greatest common divisor of 287 and 567?
7
What is the greatest common divisor of 306 and 16371?
153
What is the greatest common divisor of 250 and 90?
10
What is the highest common factor of 1 and 863?
1
Calculate the highest common factor of 20 and 820.
20
Calculate the greatest common divisor of 130 and 52.
26
Calculate the highest common factor of 196 and 175.
7
Calculate the greatest common factor of 69 and 6.
3
Calculate the greatest common divisor of 76 and 912.
76
What is the highest common divisor of 62208 and 18?
18
What is the greatest common factor of 11 and 1991?
11
What is the highest common factor of 20 and 190?
10
Calculate the highest common factor of 1014 and 6.
6
What is the highest common divisor of 202 and 22018?
202
Calculate the greatest common factor of 616 and 792.
88
Calculate the greatest common factor of 176 and 132.
44
What is the highest common divisor of 45 and 495?
45
What is the greatest common divisor of 32 and 144?
16
Calculate the highest common divisor of 60 and 640.
20
Calculate the highest common factor of 15 and 975.
15
What is the greatest common divisor of 12 and 204?
12
Calculate the greatest common factor of 54 and 24.
6
What is the greatest common divisor of 902 and 88?
22
What is the highest common divisor of 240 and 30?
30
Calculate the highest common factor of 4625 and 500.
125
Calculate the highest common divisor of 73116 and 108.
108
What is the highest common divisor of 477 and 2067?
159
What is the greatest common divisor of 434 and 8866?
62
Calculate the highest 